92*n**3 - n**2 + 7*n - 7. What is the thousands digit of y(2)?
1
Let d = -8 - 4. What is the units digit of d/66 - (-2 + 1487/(-11))?
7
Suppose -2 + 72 = 5*z. What is the units digit of 1230/z + (6 + -3)/21?
8
Suppose -3*g - 2 = 4. What is the tens digit of (319/33)/(g/(-6))?
2
Let j(c) = 1646*c**2 + 11*c + 10. What is the tens digit of j(-1)?
4
Let c = 106 + 346. What is the tens digit of c?
5
Let v = 302 + -132. What is the units digit of v?
0
Let p = 134 + -582. What is the tens digit of p/(-6) - 1*3/(-9)?
7
Let i(s) = s**3 - 11*s**2 - 11*s - 9. Let a be i(12). Suppose -b + a*b = 0. Suppose 3*c - 102 - 6 = b. What is the units digit of c?
6
Suppose 632 = 4*c - 3*p + 8*p, 831 = 5*c - 4*p. Let j = c - 90. What is the tens digit of j?
7
Let n(c) = -2*c + 19. Let k be n(-3). What is the units digit of 1990/k - 2/(-5)?
0
Let k be 4365/35 + (-4)/(-14). Suppose 0 = o + 2*c - k, 0*o + 565 = 5*o - 2*c. Suppose 4*t = -5*l + o, -3*l + 4*l = 3. What is the units digit of t?
5
Let l(u) = -3*u**3 - 16*u**2 + 29*u - 32. Let r(q) = -2*q**3 - 11*q**2 + 19*q - 21. Let t(g) = 5*l(g) - 8*r(g). What is the units digit of t(-8)?
4
Let a(p) = 5*p**3 - 10*p**2 + 7*p - 7. Let t(r) = 4*r**3 - 10*r**2 + 7*r - 6. Let z = -12 - -9. Let b(i) = z*a(i) + 4*t(i). What is the units digit of b(10)?
7
Let y(l) = -329*l - 14. What is the units digit of y(-1)?
5
Suppose 3*l - 2*l + 17 = 0. Let v = 9 + l. What is the units digit of (-116)/v - (-3)/2?
6
Suppose 0 = 9*d - 39 + 12. Suppose s + 8 = -d*s, 3*s - 414 = -4*m. What is the hundreds digit of m?
1
Suppose -4*j + 8*j - 559 = -w, 4*j = -3*w + 1701. What is the tens digit of w?
7
Let o(q) = -41*q + 81. Let d be o(7). Let y = 381 + d. What is the hundreds digit of y?
1
Suppose 5*h - c + 0*c - 45 = 0, 2*h = 5*c + 18. Suppose h*d - 25 = 4*d. Suppose 0 = -2*k - 2*y - 2, k = -4*y + y - d. What is the units digit of k?
1
Suppose 10*z + 14*z - 86880 = 0. What is the thousands digit of z?
3
Let q = -18 - -54. Suppose 11 = -t + q. What is the tens digit of t?
2
Suppose -10*d + 5*d = -460. Let y = d - -35. What is the units digit of y?
7
Let l(u) = -u**3 + 14*u**2 + 13*u + 17. Let c(o) = -2*o**3 + 29*o**2 + 26*o + 34. Let b(p) = 2*c(p) - 5*l(p). What is the hundreds digit of b(14)?
1
Suppose -18830 = -78*z + 4648. What is the hundreds digit of z?
3
Let d = 350 + 163. Suppose 3*z = -4*w + d, 2*w + 684 = 4*z + 7*w. What is the hundreds digit of z?
1
Suppose n - 1 = 2*n. Let g be ((1 - 3) + -18)/n. Let b = -14 + g. What is the units digit of b?
6
Suppose 5530 = -5*v - 5*v. Let h = -326 - v. What is the hundreds digit of h?
2
Let f = 7061 + -4542. What is the units digit of f?
9
Let k = 3042 + -1861. What is the units digit of k?
1
Let z(y) = y**3 + 4*y**2 - 7*y - 7. Suppose 4 = 2*a + 14. Let b be z(a). Suppose -k = b*k - 12. What is the units digit of k?
3
Let g = 2042 - 1269. What is the tens digit of g?
7
Let q(x) = -4 + 3*x + 8*x**2 - 5*x**2 - 2*x**2 + 3*x. Let m be q(-7). Suppose -m*r = r - 140. What is the units digit of r?
5
Let c(b) = -b**3 + 12*b**2 - b + 15. Let d be c(12). Suppose d*q + z - 18 = 0, -5*q + q + 5*z + 24 = 0. Let n = 8 - q. What is the units digit of n?
2
Let l = 325 - 290. What is the units digit of l?
5
What is the tens digit of (-2288)/(-78)*57/4?
1
Let l(a) = a**3 + 7*a**2 + 5. Let m be l(-7). Let n(d) = 10*d - m*d + 3*d + 0 - 9. What is the tens digit of n(10)?
7
Suppose 313 - 7597 = -6*y. What is the hundreds digit of y?
2
Suppose 49 = m + 3*y - 16, -4*y = m - 70. Suppose -m + 536 = 3*f. What is the hundreds digit of f?
1
Let v(y) = 3*y**3 + 5*y**2 + y - 4. Let x(r) = 13*r**3 + 20*r**2 + 3*r - 17. Let b(n) = 9*v(n) - 2*x(n). What is the hundreds digit of b(4)?
1
Suppose 1073 = -5*n + 34*n. What is the tens digit of n?
3
Let d = -2 - 7. What is the units digit of 5 - 2 - (d - (-1 - 2))?
9
Let p be 6*3/(27/150). Let u be (-4)/(-10) + (-54)/(-15). Suppose -u*s + p = s. What is the tens digit of s?
2
Let u(v) = -2*v + 17. Let q(j) = j + 1. Let r(c) = q(c) + u(c). Let x be 2/(-6)*(5 + -1 + 35). What is the tens digit of r(x)?
3
Let z = 9 - 7. Suppose 0 = 3*u + z*u + v - 550, 5*v = 4*u - 440. Suppose 0 = 4*l + 2*n - u, -3*l + 3*n = 2*n - 75. What is the units digit of l?
6
Let b(d) be the second derivative of 7*d**5/120 - d**4/12 - d**3/6 - 4*d. Let c(q) be the second derivative of b(q). What is the units digit of c(2)?
2
What is the thousands digit of (145908/56)/(6/4)?
1
Let j = -213 - -495. Let m = j - 174. What is the hundreds digit of m?
1
Suppose 13*t - 24244 = -9749. What is the tens digit of t?
1
Suppose 0 = -h - 3 + 11. Suppose 20*r - h*r = 1512. What is the units digit of r?
6
Let h(f) = -2*f + 7. Let n be h(4). Let b(w) = 5*w**2 + w. Let r be b(n). Suppose -r*i = i - 25. What is the units digit of i?
5
Let j be 3/(-4) + (-209)/(-44). Suppose -j*g - 36 = 32. Let v = g + 34. What is the tens digit of v?
1
Suppose -8*m = -2*m - 6. Let j(i) = 22*i - 1. What is the tens digit of j(m)?
2
Let n be 9*2*(-20)/30. Let i(z) = -z + 11. What is the units digit of i(n)?
3
Suppose -r + 1 + 1 = 0, 5*r = -h + 1654. What is the hundreds digit of h?
6
Suppose 4*d = h - 3290, -3*d = 3*h - 4*h + 3285. What is the thousands digit of h?
3
Suppose -341*t + 339*t + 4648 = 0. What is the hundreds digit of t?
3
Let g(x) = x + 12. Let d be g(12). Let c = d + 21. What is the tens digit of c?
4
Let k = 6889 + -3447. What is the hundreds digit of k?
4
Let w = -386 + 456. What is the tens digit of w?
7
Let c be (-1172)/12 - 4/(-6). Let f = c - -131. What is the tens digit of f?
3
Suppose 4*n - 350 = -n. Let x = n + 55. What is the hundreds digit of x?
1
Let r(i) = i**3 - 6*i**2. Let c be r(6). Suppose 2*v + 0 - 4 = c. What is the tens digit of v - (3 + -53 - -1)?
5
Let d(s) = -s**3 - 4*s**2 - 3*s + 3. Let p be d(-3). Suppose 348 = p*w + w. Suppose w - 382 = -5*f. What is the tens digit of f?
5
Let h = 34 + -26. Suppose 3*g = 2*p + 645, 2*g + 3*p = h*p + 419. What is the tens digit of g?
1
Suppose -2*r = 3*i - 758, 5*r - 5*i - 1175 = 2*r. Suppose 3*z - 2*v - r = -15, z + 4*v - 128 = 0. What is the units digit of z?
4
Let m = -835 - -1770. Suppose m = 7*a + 4*a. What is the tens digit of a?
8
Let k(w) = 22*w**3 + 4*w**2 - 4*w + 4. What is the tens digit of k(3)?
2
Suppose -5*b = -h - 3*h - 5328, 0 = 4*b + 5*h - 4287. What is the thousands digit of b?
1
Let i(z) = -z**3 + 11*z**2 - 5*z + 10. Let a be i(9). Let n = -58 + a. What is the tens digit of n?
6
Let s be (-2)/(-5) + (-588)/(-5). Let d be 15 + -18 - (s - 0). Let r = -78 - d. What is the tens digit of r?
4
Let z be (-9)/(315/(-20)) + (-101)/(-7). Suppose -10*m + z*m = 300. What is the units digit of m?
0
Let l = -17 + 21. Suppose -w = -5*f + 16, -5*f + l*f + 24 = 5*w. Suppose -65 = w*k - 9*k - 3*o, o = 5*k - 65. What is the tens digit of k?
1
Let z(p) = -p**3 - 9*p**2 - 9*p - 3. Suppose -3*m = -m + 16. Let c be z(m). Suppose -4*f - 21 = -c*f. What is the units digit of f?
1
Let f = 2 + 0. Let x(u) = -3*u**2 + 6*u**f - 4*u**2 - 2*u + 2 - 3 - 31*u**3. What is the tens digit of x(-1)?
3
Let x(f) = 59*f**2 + 1. Let h be x(1). Suppose 0 = 3*r - h - 15. Let v = -16 + r. What is the units digit of v?
9
Let a = -1574 - -1730. What is the units digit of a?
6
Let l(f) = f + 7. Let m be l(-7). Let d = -20 + 25. Suppose m*n + 115 = d*n. What is the units digit of n?
3
Let h(i) = 14*i + 13. Let a be h(8). What is the units digit of 1*(1 + 0) + a?
6
Let z = 148 - -99. Suppose 2*o - 3*a - z = -2*o, -o + 66 = -5*a. What is the units digit of o?
1
Let j = 1322 - 762. What is the units digit of j?
0
Let s = 59 - 329. Let i = 414 + s. What is the hundreds digit of i?
1
Let o(m) = m + 5. Let a be o(0). Suppose 0 = 2*i + 2*d - 66, -i - a*d + 99 = 2*i. Suppose -5*g + i = 8. What is the units digit of g?
5
Let m = -10 + 15. Suppose m*j = 36 - 6. Suppose -6 + 234 = j*r. What is the tens digit of r?
3
Let t(c) = -c**3 - 6*c**2 + 7*c + 3. Let l be t(-7). Suppose -7 = 3*x + 2*o, -2*x = l*o + 7 - 4. What is the units digit of x + (7 - 3) + 36?
7
Let o be 2/6 - 170/(-30). Suppose 0 = -o*p + 1763 + 205. Suppose 4*r + 188 = 3*b, 0 = 3*b - 8*b + 3*r + p. What is the tens digit of b?
6
Let w(v) = 11*v**2 + 2*v - 1. Let y be w(-2). Suppose y = 5*q - 51. What is the tens digit of q?
1
Let x be (-12)/21*14/(-4). S